-4 + -10?
-14
In base 4, what is -12311 - -120?
-12131
In base 16, what is 1 - 12?
-11
In base 9, what is -4 + 1068?
1064
In base 4, what is -11 - 1200?
-1211
In base 15, what is 1 + -3a?
-39
In base 9, what is -2 + 340?
337
In base 10, what is -63 - -24?
-39
In base 8, what is 242 - -17?
261
In base 4, what is -3 + -1020?
-1023
In base 13, what is 4 + -449?
-445
In base 11, what is -42 - 9?
-50
In base 14, what is 1 + -9d9?
-9d8
In base 3, what is 212110 - -11?
212121
In base 7, what is -1 - 3?
-4
In base 16, what is 41 + 57?
98
In base 13, what is 2 - -49b?
4a0
In base 5, what is 1440 + 3?
1443
In base 12, what is 2 - -a59?
a5b
In base 15, what is 2e + 2?
31
In base 16, what is -80 + -2?
-82
In base 16, what is -f - -39c?
38d
In base 12, what is -573 - 11?
-584
In base 9, what is 10 - 2?
7
In base 15, what is d42 + -5?
d3c
In base 2, what is 11000101 + 10001?
11010110
In base 7, what is -3 - -22?
16
In base 8, what is 2 - 24?
-22
In base 4, what is 111003 - -1?
111010
In base 13, what is -598 + -1?
-599
In base 3, what is -2000021 + -12?
-2000110
In base 10, what is -3 - -288?
285
In base 16, what is -2 - -13?
11
In base 7, what is 4 - 551?
-544
In base 14, what is -35b + 4?
-357
In base 16, what is 5 + -7bc?
-7b7
In base 16, what is -23 - 5?
-28
In base 2, what is -110001110 - 100?
-110010010
In base 16, what is -1c02 + -5?
-1c07
In base 13, what is 5 - -232?
237
In base 8, what is 47 + -6?
41
In base 15, what is e89 - -8?
e92
In base 12, what is -2 + 22b?
229
In base 7, what is 446 - 14?
432
In base 4, what is 11 + 21010?
21021
In base 8, what is 17 - -314?
333
In base 15, what is -6b1 - 5?
-6b6
In base 11, what is 34 + -93?
-5a
In base 10, what is 7 + -20?
-13
In base 10, what is 4 - 160?
-156
In base 16, what is 1 + 19f?
1a0
In base 11, what is -5 - -13?
9
In base 6, what is -1 + -404?
-405
In base 14, what is -211 - 3?
-214
In base 16, what is -a3 - -6?
-9d
In base 11, what is a8 + 1?
a9
In base 10, what is -1356 + -1?
-1357
In base 6, what is -1530 + 13?
-1513
In base 6, what is 5 + -13511?
-13502
In base 2, what is 10 - 101011101001?
-101011100111
In base 11, what is -2 - -98?
96
In base 11, what is -10284 + -3?
-10287
In base 12, what is 2 + -2161?
-215b
In base 13, what is c - 212?
-203
In base 9, what is -362 + -5?
-367
In base 3, what is 1 + 102100?
102101
In base 3, what is -1002 - 1021?
-2100
In base 14, what is 4 - -86d?
873
In base 5, what is -201 + 3?
-143
In base 8, what is 14 - -5?
21
In base 9, what is 2 + -1053?
-1051
In base 2, what is -111110 + -100000?
-1011110
In base 15, what is -499 - 4?
-49d
In base 10, what is 21 - 4?
17
In base 2, what is -11111 + -101?
-100100
In base 4, what is 10312 + 1?
10313
In base 5, what is 23 + -102?
-24
In base 14, what is -4 - 7da?
-800
In base 16, what is 1 + -6ef?
-6ee
In base 4, what is -20030 + 10?
-20020
In base 11, what is -1 - -12a5?
12a4
In base 14, what is 3 + 2854?
2857
In base 5, what is 2 - 233?
-231
In base 2, what is -11000 - -101111?
10111
In base 2, what is 100 + 110?
1010
In base 5, what is 0 - 2214?
-2214
In base 8, what is 4726 - 0?
4726
In base 10, what is 962 - 0?
962
In base 2, what is 1110110000 - 0?
1110110000
In base 5, what is -1213 - 300?
-2013
In base 16, what is -16 + 6?
-10
In base 6, what is 132 - -5?
141
In base 14, what is -3 + -8?
-b
In base 11, what is -87 + 11?
-76
In base 11, what is -1315 + 0?
-1315
In base 10, what is 9 + -1715?
-1706
In base 14, what is 6 + 94?
9a
In base 16, what is 2c5 + -3?
2c2
In base 16, what is 1 - 52?
-51
In base 3, what is -200 - 10?
-210
In base 10, what is -113 - -6?
-107
In base 6, what is 23500 - -12?
23512
In base 6, what is 2252 - 2?
2250
In base 4, what is -220 + 1?
-213
In base 12, what is -299 - -5?
-294
In base 4, what is 32 + 1130?
1222
In base 12, what is 19a45 + 1?
19a46
In base 15, what is -3aa - 2?
-3ac
In base 4, what is -3120221 + 2?
-3120213
In base 10, what is -3 - -724?
721
In base 6, what is -12 + 242?
230
In base 5, what is -4 - -100000?
44441
In base 4, what is -100001 + -2?
-100003
In base 11, what is -28 - -7?
-21
In base 16, what is 54 - e?
46
In base 4, what is 113 + -1023?
-310
In base 8, what is 5063 - -1?
5064
In base 7, what is 62 - -6?
101
In base 11, what is -3 + -20?
-23
In base 14, what is -4 - d32?
-d36
In base 4, what is 33 - -2?
101
In base 12, what is 156 - 2?
154
In base 6, what is -30510 + -3?
-30513
In base 11, what is 8 + -2?
6
In base 10, what is -21 + 0?
-21
In base 16, what is -5 + 2?
-3
In base 8, what is -6 - 73?
-101
In base 10, what is 1393 - 4?
1389
In base 5, what is 1 + 111?
112
In base 14, what is 1 - -65?
66
In base 4, what is -1110 - -2332?
1222
In base 10, what is 3 + 186?
189
In base 8, what is -31 - -32?
1
In base 9, what is 5 + -6148?
-6143
In base 4, what is 1132222 + -10?
1132212
In base 15, what is -3 + 0?
-3
In base 5, what is -3 + 401?
343
In base 13, what is -5 - 95?
-9a
In base 12, what is 20 - 1b?
1
In base 7, what is 111 - 2?
106
In base 11, what is -2 + -44?
-46
In base 4, what is -122002 - -10?
-121332
In base 7, what is 2 - -460?
462
In base 2, what is -1001 + 1110001?
1101000
In base 11, what is -644 - -24?
-620
In base 7, what is 5 - -100?
105
In base 13, what is -9 - -1a7?
19b
In base 3, what is -220101200 - 10?
-220101210
In base 16, what is a8 - 14?
94
In base 14, what is 33 - -8?
3b
In base 8, what is 53 + 20?
73
In base 7, what is 3 + 30?
33
In base 16, what is -348f - 5?
-3494
In base 12, what is -15 + -1?
-16
In base 5, what is 1 + 22?
23
In base 12, what is -7 - -b?
4
In base 11, what is 7 - a0?
-94
In base 5, what is -1111 - -14?
-1042
In base 16, what is -1e + 25?
7
In base 14, what is 1 + 39?
3a
In base 4, what is -131 + -3012?
-3203
In base 14, what is 301 - -1?
302
In base 14, what is -2 - 89d?
-8a1
In base 15, what is 4 + 193?
197
In base 3, what is 11 - -120?
201
In base 12, what is 17 - a?
9
In base 8, what is -16 + 65?
47
In base 15, what is 5 + 2c3?
2c8
In base 16, what is 3b + 6?
41
In base 16, what is -5 - -94?
8f
In base 7, what is -4254 - -5?
-4246
In base 13, what is -5 + -24?
-29
In base 7, what is 5144 - -2?
5146
In base 10, what is 118 - 4?
114
In base 8, what is -14 - 35?
-51
In base 6, what is 35203 - 4?
35155
In base 13, what is 4 + 32?
36
In base 16, what is 122 + 3?
125
In base 13, what is 2 + -157?
-155
In base 8, what is -2 + -4373?
-4375
In base 14, what is 92d - 0?
92d
In base 9, what is -5 + -133?
-138
In base 12, what is 42 - -6?
48
In base 15, what is 2 + -55a?
-558
In base 3, what is -10 - 22222212?
-22222222
In base 3, what is -100010 - 0?
-100010
In base 3, what is -1121112 - -10?
-1121102
In base 5, what is -42331 + 2?
-42324
In base 4, what is 11 + -11303?
-11232
In base 9, what is 21 - 36?
-15
In base 11, what is -6 - 327a?
-3285
In base 6, what is -10 + -505?
-515
In base 5, what is -3 - -30?
22
In base 15, what is 11 + -4?
c
In base 11, what is -18 + -477?
-494
In base 11, what is -2 + -a5?
-a7
In base 14, what is c77 + -4?
c73
In base 3, what is -22 + -20?
-112
In base 4, what is -2 + 1301?
1233
In base 2, what is 1010000110000 + -11?
1010000101101
In base 6, what is -120 - -32?
-44
In base 2, what is -101100 + -10011?
-111111
In base 4, what is 2121033 - 10?
2121023
In base 9, what is 4700 + 4?
4704
In base 12, what is 16 + -11?
5
In base 14, what is 1 + 68b?
68c
In base 12, what is -2 - 186?
-188
In base 10, what is 3 + 143?
146
In base 4, what is -212 + 1010?
132
In base 3, what is 10202 + -12?
10120
In base 4, what is 210 - 0?
210
In base 3, what is -1211200101 + 10?
-1211200021
In base 15, what is 4e - 9?
45
In base 15, what is 0 - 523?
-523
In base 12, what is -1037 - 5?
-1040
In base 16, what is -1b3 - 2?
-1b5
In base 8, what is 145 + 14?
161
In base 10, what is -5 - 848?
-853
In base 4, what is 2 + -11?
-3
In base 12, what is 3 + -383b?
-3838
In base 3, what is -11001 - 11?
-11012
In base 4, what is 101 - 32?
3
In base 8, what is -1557 - 5?
-1564
In base 15, what is 8 - -7?
10
In base 2, what is -11 - -111110100?
111110001
In base 2, what is 1100000 - -11?
1100011
In base 3, what is 1101210 + -1?
1101202
In base 14, what is 4 + -198?
-194
In base 3, what is 121 - -21?
212
In base 4, what is -1013313 + 2?
-1013311
In base 9, what is 5 - -83?
88
In base 9, what is -332 - -15?
-316
In base 8, 